the prime factors of 147.
3, 7
List the prime factors of 17410.
2, 5, 1741
List the prime factors of 4937.
4937
What are the prime factors of 3278?
2, 11, 149
List the prime factors of 143596.
2, 35899
What are the prime factors of 67392?
2, 3, 13
List the prime factors of 1889.
1889
What are the prime factors of 63427?
7, 13, 17, 41
What are the prime factors of 3693?
3, 1231
List the prime factors of 945.
3, 5, 7
What are the prime factors of 52686?
2, 3, 2927
What are the prime factors of 18732?
2, 3, 7, 223
What are the prime factors of 8544?
2, 3, 89
What are the prime factors of 227?
227
List the prime factors of 2829.
3, 23, 41
What are the prime factors of 7293?
3, 11, 13, 17
What are the prime factors of 263?
263
List the prime factors of 196416.
2, 3, 11, 31
List the prime factors of 4756.
2, 29, 41
What are the prime factors of 6276?
2, 3, 523
List the prime factors of 40563.
3, 4507
List the prime factors of 3928.
2, 491
What are the prime factors of 3294?
2, 3, 61
List the prime factors of 1851.
3, 617
What are the prime factors of 19189?
31, 619
What are the prime factors of 20206?
2, 10103
What are the prime factors of 3497?
13, 269
List the prime factors of 6766.
2, 17, 199
List the prime factors of 4218.
2, 3, 19, 37
List the prime factors of 1211.
7, 173
List the prime factors of 382.
2, 191
List the prime factors of 86239.
86239
What are the prime factors of 9323?
9323
List the prime factors of 6383.
13, 491
List the prime factors of 63.
3, 7
List the prime factors of 7612.
2, 11, 173
What are the prime factors of 36455?
5, 23, 317
What are the prime factors of 74212?
2, 18553
What are the prime factors of 3916?
2, 11, 89
What are the prime factors of 15637?
19, 823
What are the prime factors of 61337?
83, 739
List the prime factors of 882.
2, 3, 7
List the prime factors of 658.
2, 7, 47
What are the prime factors of 1396?
2, 349
List the prime factors of 12057.
3, 4019
What are the prime factors of 560?
2, 5, 7
What are the prime factors of 1021?
1021
What are the prime factors of 32187?
3, 10729
What are the prime factors of 44946?
2, 3, 11, 227
What are the prime factors of 1831?
1831
What are the prime factors of 46661?
29, 1609
What are the prime factors of 12689?
12689
List the prime factors of 2045.
5, 409
List the prime factors of 39965.
5, 7993
What are the prime factors of 300?
2, 3, 5
List the prime factors of 28238.
2, 7, 2017
What are the prime factors of 917?
7, 131
What are the prime factors of 35801?
35801
What are the prime factors of 9842?
2, 7, 19, 37
List the prime factors of 4891.
67, 73
What are the prime factors of 11345?
5, 2269
What are the prime factors of 1300?
2, 5, 13
List the prime factors of 45328.
2, 2833
What are the prime factors of 25525?
5, 1021
What are the prime factors of 997?
997
List the prime factors of 1446.
2, 3, 241
What are the prime factors of 1801?
1801
List the prime factors of 616.
2, 7, 11
List the prime factors of 504.
2, 3, 7
List the prime factors of 456.
2, 3, 19
List the prime factors of 1599.
3, 13, 41
List the prime factors of 822.
2, 3, 137
List the prime factors of 4632.
2, 3, 193
List the prime factors of 1520.
2, 5, 19
What are the prime factors of 6799?
13, 523
What are the prime factors of 900?
2, 3, 5
List the prime factors of 2329.
17, 137
What are the prime factors of 1080?
2, 3, 5
List the prime factors of 4469.
41, 109
List the prime factors of 15618.
2, 3, 19, 137
What are the prime factors of 2059?
29, 71
What are the prime factors of 6347?
11, 577
What are the prime factors of 6356?
2, 7, 227
What are the prime factors of 3951?
3, 439
List the prime factors of 145.
5, 29
What are the prime factors of 1517?
37, 41
What are the prime factors of 236?
2, 59
List the prime factors of 1693.
1693
List the prime factors of 15968.
2, 499
What are the prime factors of 3745?
5, 7, 107
List the prime factors of 1215.
3, 5
List the prime factors of 15236.
2, 13, 293
What are the prime factors of 779?
19, 41
What are the prime factors of 27134?
2, 13567
List the prime factors of 998.
2, 499
List the prime factors of 2327.
13, 179
List the prime factors of 2034.
2, 3, 113
What are the prime factors of 207?
3, 23
What are the prime factors of 3386?
2, 1693
List the prime factors of 941.
941
What are the prime factors of 6062?
2, 7, 433
What are the prime factors of 9834?
2, 3, 11, 149
What are the prime factors of 2009?
7, 41
List the prime factors of 7444.
2, 1861
List the prime factors of 12355.
5, 7, 353
List the prime factors of 25063.
71, 353
What are the prime factors of 57243?
3, 19081
List the prime factors of 6947.
6947
What are the prime factors of 117134?
2, 58567
List the prime factors of 6698.
2, 17, 197
List the prime factors of 864.
2, 3
List the prime factors of 154085.
5, 30817
What are the prime factors of 12830?
2, 5, 1283
List the prime factors of 118217.
11, 977
List the prime factors of 2360.
2, 5, 59
List the prime factors of 8775.
3, 5, 13
List the prime factors of 7238.
2, 7, 11, 47
What are the prime factors of 2733?
3, 911
List the prime factors of 12800.
2, 5
What are the prime factors of 398?
2, 199
List the prime factors of 574.
2, 7, 41
List the prime factors of 2431.
11, 13, 17
What are the prime factors of 991?
991
What are the prime factors of 258?
2, 3, 43
List the prime factors of 40936.
2, 7, 17, 43
List the prime factors of 3951.
3, 439
List the prime factors of 1449.
3, 7, 23
What are the prime factors of 25281?
3, 53
What are the prime factors of 1882?
2, 941
What are the prime factors of 5978?
2, 7, 61
What are the prime factors of 17332?
2, 7, 619
List the prime factors of 1131.
3, 13, 29
List the prime factors of 836.
2, 11, 19
What are the prime factors of 320?
2, 5
What are the prime factors of 12858?
2, 3, 2143
What are the prime factors of 72?
2, 3
List the prime factors of 302.
2, 151
List the prime factors of 21416.
2, 2677
List the prime factors of 33949.
17, 1997
What are the prime factors of 3100?
2, 5, 31
What are the prime factors of 4851?
3, 7, 11
List the prime factors of 81705.
3, 5, 13, 419
List the prime factors of 2093.
7, 13, 23
List the prime factors of 5739.
3, 1913
What are the prime factors of 445?
5, 89
What are the prime factors of 103940?
2, 5, 5197
List the prime factors of 4.
2
List the prime factors of 1157.
13, 89
What are the prime factors of 21192?
2, 3, 883
List the prime factors of 2110.
2, 5, 211
What are the prime factors of 3144?
2, 3, 131
What are the prime factors of 27449?
27449
List the prime factors of 49231.
7, 13, 541
What are the prime factors of 1244?
2, 311
What are the prime factors of 2052?
2, 3, 19
List the prime factors of 189.
3, 7
List the prime factors of 2154.
2, 3, 359
What are the prime factors of 1756?
2, 439
List the prime factors of 1216.
2, 19
List the prime factors of 2665.
5, 13, 41
List the prime factors of 44.
2, 11
List the prime factors of 4659.
3, 1553
List the prime factors of 3204.
2, 3, 89
List the prime factors of 13337.
13337
What are the prime factors of 41932?
2, 11, 953
List the prime factors of 3472.
2, 7, 31
What are the prime factors of 1060?
2, 5, 53
List the prime factors of 691.
691
List the prime factors of 7808.
2, 61
What are the prime factors of 68443?
68443
List the prime factors of 212.
2, 53
What are the prime factors of 22173?
3, 19, 389
List the prime factors of 11178.
2, 3, 23
List the prime factors of 29167.
29167
List the prime factors of 14538.
2, 3, 2423
What are the prime factors of 3291?
3, 1097
List the prime factors of 12469.
37, 337
What are the prime factors of 7028?
2, 7, 251
What are the prime factors of 400?
2, 5
List the prime factors of 499.
499
List the prime factors of 155.
5, 31
What are the prime factors of 91478?
2, 53, 863
List the prime factors of 3458.
2, 7, 13, 19
List the prime factors of 27129.
3, 9043
List the prime factors of 4900.
2, 5, 7
List the prime factors of 1368.
2, 3, 19
List the prime factors of 1612.
2, 13, 31
What are the prime factors of 219?
3, 73
List the prime factors of 14155.
5, 19, 149
List the prime factors of 732.
2, 3, 61
What are the prime factors of 91872?
2, 3, 11, 29
What are the prime factors of 1168?
2, 73
What are the prime factors of 44439?
3, 14813
List the prime factors of 1